{"id":3178,"date":"2021-06-17T13:39:25","date_gmt":"2021-06-17T11:39:25","guid":{"rendered":"http:\/\/www.justsardinia.it\/?page_id=3178"},"modified":"2021-06-17T13:39:28","modified_gmt":"2021-06-17T11:39:28","slug":"servizi-noleggio-con-conducente-sassari","status":"publish","type":"page","link":"http:\/\/taxisardegna.net\/index.php\/it\/servizi-noleggio-con-conducente-sassari\/","title":{"rendered":"Servizi di Noleggio con Conducente"},"content":{"rendered":"<h2><span style=\"font-weight: 400;\">Servizio di noleggio con conducente a Sassari<\/span><\/h2>\n<p class=\"p_text\" style=\"text-align: justify;\"><span style=\"font-weight: 400;\">Vuoi richiedere un <\/span><b>servizio di noleggio con conducente a Sassari<\/b><span style=\"font-weight: 400;\">, ma non sai a chi rivolgerti? Oggi \u00e8 il tuo giorno fortunato! Scegli Just Sardinia e approfitta ora di un&#8217;attivit\u00e0 pronta a garantirti in qualsiasi circostanza sicurezza, puntualit\u00e0 e rispetto per le tue esigenze. Affidati alle competenze professionali dei nostri specialisti del settore e scopri il modo migliore per viaggiare comodamente in ogni angolo delle provincia. Vuoi ricevere subito maggiori informazioni? Desideri richiedere un pratico preventivo gratuito in merito al <\/span><b>servizio di noleggio con conducente a Sassari<\/b><span style=\"font-weight: 400;\">? Tramite il modulo dei contatti (vedi men\u00f9 a inizio pagina) puoi ricevere subito tutte le informazioni di cui hai bisogno!<\/span><\/p>\n<h2><span style=\"font-weight: 400;\">Servizi di noleggio con conducente a Sassari<\/span><\/h2>\n<p><span style=\"font-weight: 400;\">Just Sardinia \u00e8 una vera garanzia per tutti coloro che sono alla ricerca di <\/span><b>servizi di noleggio con conducente a Sassari<\/b><span style=\"font-weight: 400;\">. La pluriennale esperienza del personale, unita ad un parco veicoli di prima scelta, permette a questa realt\u00e0 di offrire in ogni circostanza un servizio di trasporto unico e inimitabile. Grazie ai <\/span><b>servizi di noleggio con conducente a Sassari<\/b><span style=\"font-weight: 400;\">, i clienti avranno la possibilit\u00e0 di raggiungere qualsiasi destinazioni in totale comodit\u00e0. Si ricorda, inoltre, che al fine di garantire il massimo benessere dei viaggiatori, i veicoli vengono sottoposti a cicli di sanificazione dopo ogni trasporto. Per ricevere subito maggiori informazioni o per richiedere un preventivo gratuito, \u00e8 possibile usufruire in qualsiasi momento del modulo dei contatti.<\/span><\/p>\n","protected":false},"excerpt":{"rendered":"<p>Servizio di noleggio con conducente a Sassari Vuoi richiedere un servizio di noleggio con conducente a Sassari, ma non sai a chi rivolgerti? Oggi \u00e8 il tuo giorno fortunato! Scegli Just Sardinia e approfitta ora di un&#8217;attivit\u00e0 pronta a garantirti in qualsiasi circostanza sicurezza, puntualit\u00e0 e rispetto per le tue [&hellip;]<\/p>\n","protected":false},"author":283,"featured_media":3184,"parent":0,"menu_order":10,"comment_status":"closed","ping_status":"closed","template":"","meta":[],"yoast_head":"<!-- This site is optimized with the Yoast SEO plugin v17.0 - https:\/\/yoast.com\/wordpress\/plugins\/seo\/ -->\r\n<title>Servizi di noleggio con conducente a Sassari | Just Sardinia | SS<\/title>\r\n<meta name=\"description\" content=\"Just Sardinia \u00e8 una vera garanzia per tutti coloro che sono alla ricerca di servizi di noleggio con conducente a Sassari\" \/>\r\n<meta name=\"robots\" content=\"index, follow, max-snippet:-1, max-image-preview:large, max-video-preview:-1\" \/>\r\n<link rel=\"canonical\" href=\"http:\/\/www.taxisantateresa.it\/index.php\/it\/servizi-noleggio-con-conducente-sassari\/\" \/>\r\n<meta property=\"og:locale\" content=\"it_IT\" \/>\r\n<meta property=\"og:type\" content=\"article\" \/>\r\n<meta property=\"og:title\" content=\"Servizi di noleggio con conducente a Sassari | Just Sardinia | SS\" \/>\r\n<meta property=\"og:description\" content=\"Just Sardinia \u00e8 una vera garanzia per tutti coloro che sono alla ricerca di servizi di noleggio con conducente a Sassari\" \/>\r\n<meta property=\"og:url\" content=\"http:\/\/www.taxisantateresa.it\/index.php\/it\/servizi-noleggio-con-conducente-sassari\/\" \/>\r\n<meta property=\"og:site_name\" content=\"Just Sardinia\" \/>\r\n<meta property=\"article:modified_time\" content=\"2021-06-17T11:39:28+00:00\" \/>\r\n<meta property=\"og:image\" content=\"http:\/\/www.justsardinia.it\/wp-content\/uploads\/2021\/06\/servizi-noleggio-con-conducente-sassari.jpg\" \/>\r\n\t<meta property=\"og:image:width\" content=\"1920\" \/>\r\n\t<meta property=\"og:image:height\" content=\"949\" \/>\r\n<meta name=\"twitter:card\" content=\"summary_large_image\" \/>\r\n<meta name=\"twitter:label1\" content=\"Tempo di lettura stimato\" \/>\n\t<meta name=\"twitter:data1\" content=\"2 minuti\" \/>\r\n<script type=\"application\/ld+json\" class=\"yoast-schema-graph\">{\"@context\":\"https:\/\/schema.org\",\"@graph\":[{\"@type\":\"WebSite\",\"@id\":\"http:\/\/ncc-taxisantateresagallura.it\/index.php\/it\/#website\",\"url\":\"http:\/\/ncc-taxisantateresagallura.it\/index.php\/it\/\",\"name\":\"Just Sardinia\",\"description\":\"...the best way to travel\",\"potentialAction\":[{\"@type\":\"SearchAction\",\"target\":{\"@type\":\"EntryPoint\",\"urlTemplate\":\"http:\/\/ncc-taxisantateresagallura.it\/index.php\/it\/?s={search_term_string}\"},\"query-input\":\"required name=search_term_string\"}],\"inLanguage\":\"it-IT\"},{\"@type\":\"ImageObject\",\"@id\":\"http:\/\/www.taxisantateresa.it\/index.php\/it\/servizi-noleggio-con-conducente-sassari\/#primaryimage\",\"inLanguage\":\"it-IT\",\"url\":\"http:\/\/taxisardegna.net\/wp-content\/uploads\/2021\/06\/servizi-noleggio-con-conducente-sassari.jpg\",\"contentUrl\":\"http:\/\/taxisardegna.net\/wp-content\/uploads\/2021\/06\/servizi-noleggio-con-conducente-sassari.jpg\",\"width\":1920,\"height\":949},{\"@type\":\"WebPage\",\"@id\":\"http:\/\/www.taxisantateresa.it\/index.php\/it\/servizi-noleggio-con-conducente-sassari\/#webpage\",\"url\":\"http:\/\/www.taxisantateresa.it\/index.php\/it\/servizi-noleggio-con-conducente-sassari\/\",\"name\":\"Servizi di noleggio con conducente a Sassari | Just Sardinia | SS\",\"isPartOf\":{\"@id\":\"http:\/\/ncc-taxisantateresagallura.it\/index.php\/it\/#website\"},\"primaryImageOfPage\":{\"@id\":\"http:\/\/www.taxisantateresa.it\/index.php\/it\/servizi-noleggio-con-conducente-sassari\/#primaryimage\"},\"datePublished\":\"2021-06-17T11:39:25+00:00\",\"dateModified\":\"2021-06-17T11:39:28+00:00\",\"description\":\"Just Sardinia \\u00e8 una vera garanzia per tutti coloro che sono alla ricerca di servizi di noleggio con conducente a Sassari\",\"breadcrumb\":{\"@id\":\"http:\/\/www.taxisantateresa.it\/index.php\/it\/servizi-noleggio-con-conducente-sassari\/#breadcrumb\"},\"inLanguage\":\"it-IT\",\"potentialAction\":[{\"@type\":\"ReadAction\",\"target\":[\"http:\/\/www.taxisantateresa.it\/index.php\/it\/servizi-noleggio-con-conducente-sassari\/\"]}]},{\"@type\":\"BreadcrumbList\",\"@id\":\"http:\/\/www.taxisantateresa.it\/index.php\/it\/servizi-noleggio-con-conducente-sassari\/#breadcrumb\",\"itemListElement\":[{\"@type\":\"ListItem\",\"position\":1,\"name\":\"Home\",\"item\":\"http:\/\/ncc-taxisantateresagallura.it\/index.php\/it\/\"},{\"@type\":\"ListItem\",\"position\":2,\"name\":\"Servizi di Noleggio con Conducente\"}]}]}<\/script>\r\n<!-- \/ Yoast SEO plugin. -->","yoast_head_json":{"title":"Servizi di noleggio con conducente a Sassari | Just Sardinia | SS","description":"Just Sardinia \u00e8 una vera garanzia per tutti coloro che sono alla ricerca di servizi di noleggio con conducente a Sassari","robots":{"index":"index","follow":"follow","max-snippet":"max-snippet:-1","max-image-preview":"max-image-preview:large","max-video-preview":"max-video-preview:-1"},"canonical":"http:\/\/www.taxisantateresa.it\/index.php\/it\/servizi-noleggio-con-conducente-sassari\/","og_locale":"it_IT","og_type":"article","og_title":"Servizi di noleggio con conducente a Sassari | Just Sardinia | SS","og_description":"Just Sardinia \u00e8 una vera garanzia per tutti coloro che sono alla ricerca di servizi di noleggio con conducente a Sassari","og_url":"http:\/\/www.taxisantateresa.it\/index.php\/it\/servizi-noleggio-con-conducente-sassari\/","og_site_name":"Just Sardinia","article_modified_time":"2021-06-17T11:39:28+00:00","og_image":[{"width":1920,"height":949,"url":"http:\/\/www.justsardinia.it\/wp-content\/uploads\/2021\/06\/servizi-noleggio-con-conducente-sassari.jpg","path":"C:\\inetpub\\wwwroot\\WP_justsardinia\/wp-content\/uploads\/2021\/06\/servizi-noleggio-con-conducente-sassari.jpg","size":"full","id":3184,"alt":"","pixels":1822080,"type":"image\/jpeg"}],"twitter_card":"summary_large_image","twitter_misc":{"Tempo di lettura stimato":"2 minuti"},"schema":{"@context":"https:\/\/schema.org","@graph":[{"@type":"WebSite","@id":"http:\/\/ncc-taxisantateresagallura.it\/index.php\/it\/#website","url":"http:\/\/ncc-taxisantateresagallura.it\/index.php\/it\/","name":"Just Sardinia","description":"...the best way to travel","potentialAction":[{"@type":"SearchAction","target":{"@type":"EntryPoint","urlTemplate":"http:\/\/ncc-taxisantateresagallura.it\/index.php\/it\/?s={search_term_string}"},"query-input":"required name=search_term_string"}],"inLanguage":"it-IT"},{"@type":"ImageObject","@id":"http:\/\/www.taxisantateresa.it\/index.php\/it\/servizi-noleggio-con-conducente-sassari\/#primaryimage","inLanguage":"it-IT","url":"http:\/\/taxisardegna.net\/wp-content\/uploads\/2021\/06\/servizi-noleggio-con-conducente-sassari.jpg","contentUrl":"http:\/\/taxisardegna.net\/wp-content\/uploads\/2021\/06\/servizi-noleggio-con-conducente-sassari.jpg","width":1920,"height":949},{"@type":"WebPage","@id":"http:\/\/www.taxisantateresa.it\/index.php\/it\/servizi-noleggio-con-conducente-sassari\/#webpage","url":"http:\/\/www.taxisantateresa.it\/index.php\/it\/servizi-noleggio-con-conducente-sassari\/","name":"Servizi di noleggio con conducente a Sassari | Just Sardinia | SS","isPartOf":{"@id":"http:\/\/ncc-taxisantateresagallura.it\/index.php\/it\/#website"},"primaryImageOfPage":{"@id":"http:\/\/www.taxisantateresa.it\/index.php\/it\/servizi-noleggio-con-conducente-sassari\/#primaryimage"},"datePublished":"2021-06-17T11:39:25+00:00","dateModified":"2021-06-17T11:39:28+00:00","description":"Just Sardinia \u00e8 una vera garanzia per tutti coloro che sono alla ricerca di servizi di noleggio con conducente a Sassari","breadcrumb":{"@id":"http:\/\/www.taxisantateresa.it\/index.php\/it\/servizi-noleggio-con-conducente-sassari\/#breadcrumb"},"inLanguage":"it-IT","potentialAction":[{"@type":"ReadAction","target":["http:\/\/www.taxisantateresa.it\/index.php\/it\/servizi-noleggio-con-conducente-sassari\/"]}]},{"@type":"BreadcrumbList","@id":"http:\/\/www.taxisantateresa.it\/index.php\/it\/servizi-noleggio-con-conducente-sassari\/#breadcrumb","itemListElement":[{"@type":"ListItem","position":1,"name":"Home","item":"http:\/\/ncc-taxisantateresagallura.it\/index.php\/it\/"},{"@type":"ListItem","position":2,"name":"Servizi di Noleggio con Conducente"}]}]}},"_links":{"self":[{"href":"http:\/\/taxisardegna.net\/index.php\/wp-json\/wp\/v2\/pages\/3178"}],"collection":[{"href":"http:\/\/taxisardegna.net\/index.php\/wp-json\/wp\/v2\/pages"}],"about":[{"href":"http:\/\/taxisardegna.net\/index.php\/wp-json\/wp\/v2\/types\/page"}],"author":[{"embeddable":true,"href":"http:\/\/taxisardegna.net\/index.php\/wp-json\/wp\/v2\/users\/283"}],"replies":[{"embeddable":true,"href":"http:\/\/taxisardegna.net\/index.php\/wp-json\/wp\/v2\/comments?post=3178"}],"version-history":[{"count":1,"href":"http:\/\/taxisardegna.net\/index.php\/wp-json\/wp\/v2\/pages\/3178\/revisions"}],"predecessor-version":[{"id":3185,"href":"http:\/\/taxisardegna.net\/index.php\/wp-json\/wp\/v2\/pages\/3178\/revisions\/3185"}],"wp:featuredmedia":[{"embeddable":true,"href":"http:\/\/taxisardegna.net\/index.php\/wp-json\/wp\/v2\/media\/3184"}],"wp:attachment":[{"href":"http:\/\/taxisardegna.net\/index.php\/wp-json\/wp\/v2\/media?parent=3178"}],"curies":[{"name":"wp","href":"https:\/\/api.w.org\/{rel}","templated":true}]}}